). Let w = u - x. What is the remainder when 13 is divided by w?
1
What is the remainder when 7/(21/(-9)) + 40 is divided by 19?
18
Suppose -4*w = -3*w + 2*p - 15, 1 = p. Suppose h = -4*o - w, -h + 25 = -4*o - 2. Calculate the remainder when h is divided by 3.
1
Suppose -7*t + 1023 = 4*t. Calculate the remainder when t is divided by 24.
21
Let j(u) = u**3 + 4*u**2 + u - 2. Let c be j(-3). Let k = 37 - c. What is the remainder when k is divided by 12?
9
Let d(z) = z**3 + 7*z**2 + 4*z - 3. What is the remainder when 53 is divided by d(-6)?
8
Let b = 5 - 3. What is the remainder when 2 - -22 - (5 - b) is divided by 11?
10
Let g be ((-60)/(-16))/(4/(-16)). Suppose 3*x + 42 = 6*x - 3*o, 5*x + 5*o - 120 = 0. What is the remainder when x is divided by ((-2)/(-4))/(g/(-300))?
9
Let w(l) = l**3 - 5*l**2 - 4*l - 8. Let g be (-4 + 1)*(-4 - -2). Calculate the remainder when 15 is divided by w(g).
3
Suppose -3*y - 39 = -s - 0*s, 3*s + 5*y - 89 = 0. Calculate the remainder when 63 is divided by s.
30
Let n(r) = -2*r**3 - 3*r - 1. Let g be n(-2). Suppose -3 = -4*c + g. Suppose 21 = 2*f - q, -2*q - 14 = -3*f + 18. What is the remainder when f is divided by c?
4
Let r = 42 - 27. What is the remainder when ((-18)/(-10))/((-8)/(-320)) is divided by r?
12
Suppose 0 = 2*k + 11 - 27. Suppose 3*z + z - k = 0. Suppose 3*t - 20 = t + 5*a, z*a = -4*t + 64. What is the remainder when 44 is divided by t?
14
Suppose 78 = 4*v - 2*o, 5 = -o + 2. Calculate the remainder when 179 is divided by v.
17
Suppose -u = -3*u + 70. Calculate the remainder when 68 is divided by u.
33
Suppose 2*x - 34 = -4*u, 7 = -u + 4*x - 7. Calculate the remainder when (-10)/(1 - 9/u) is divided by 123/11 + 4/(-22).
9
Suppose 4*n + 2*x = -178, 0*n = 2*n + 5*x + 85. Let h = n + 74. Suppose -6*s = -3*u - 2*s - 11, -4*s = 3*u - h. Calculate the remainder when 6 is divided by u.
0
Let n(z) = -2*z + 8. Let r be n(8). Let h = 19 + r. Calculate the remainder when (-291)/(-15) - 3/(-5) is divided by h.
9
Let r(a) = -3*a + 43. What is the remainder when 43 is divided by r(8)?
5
Let r = 64 + -35. Let m(a) = a**2 + 5*a - 4. Let w(c) = -2*c**2 + 1. Let l be w(2). Calculate the remainder when r is divided by m(l).
9
Let g(o) = -o**3 + 7*o**2 - 6. Let z be g(7). Let h = z - -33. Calculate the remainder when h is divided by 10.
7
Let x be -25*(1 + (-2)/10). Let h = -17 - x. Calculate the remainder when h is divided by 1.
0
Let w(q) = q + 1. Let u(g) = -12*g + 4. Let z be u(-3). Suppose -5*b + b + z = 0. Calculate the remainder when 32 is divided by w(b).
10
Let v be 1/((2 - -1)/6). Suppose -v*m + 0*m + 6 = 0. Let r(z) = 3*z**2 + 2*z + 1. Calculate the remainder when m is divided by r(-1).
1
Let k(w) = 5*w + 71. What is the remainder when k(0) is divided by 20?
11
Suppose 2*h - 5*h + 42 = 0. Suppose -j - 552 = 4*a, -2*a - 2*j - 552 = 2*a. Calculate the remainder when 3/(-5) - a/5 is divided by h.
13
Suppose 0 = f - 1 - 4. Let p(t) = -t + 3. Let d be p(-9). Suppose -21 = -f*w + 2*x, 0 = -w + 2*x + x + d. What is the remainder when 9 is divided by w?
0
Let z = 68 + -45. Suppose 0 = -h + 3*c + z, -h - 2*c + 23 = c. What is the remainder when h is divided by 13?
10
Let c(o) = -o**3 + o**2 - o. Let u(b) = 12*b**3 - b**2 + 2*b. Let k(g) = -2*c(g) - u(g). What is the remainder when k(-1) is divided by 5?
4
Let q(z) = -z**2 - z + 2. Let a be q(0). Calculate the remainder when 3/4 - a/(-8) is divided by 1.
0
Let y(t) = t**3 + t**2 - t + 2. Let w be y(0). Suppose -w*b + 10 = -4*b, -q = -5*b - 56. Let n = 32 - 21. Calculate the remainder when q is divided by n.
9
Suppose 5*n = 89 - 29. Calculate the remainder when 45 is divided by n.
9
Suppose 23 = 5*i - 3*v + 7*v, 0 = -i + 5*v + 22. Suppose -o + 2 = -y, 0*y = -3*o - y - 14. What is the remainder when (o - -1)/(2/(-13)) is divided by i?
6
Let w(l) = -4*l + 53. What is the remainder when 45 is divided by w(9)?
11
Suppose 0*z = 2*b - 4*z + 20, 0 = 4*b - z + 61. Let o = b + -26. Calculate the remainder when 22 is divided by ((-12)/7)/(6/o).
10
Let g be ((-20)/(-5))/(1*2). Let x be 8/6 + (-4)/(-6). Suppose 4*o - 36 = 3*z, g*o - 8 - 10 = -x*z. What is the remainder when o is divided by 5?
4
What is the remainder when (4829/22)/((-3)/(-6)) is divided by 20?
19
Let l(m) = m - 1. Calculate the remainder when 21 is divided by l(9).
5
Let b(q) = q**2 - 3*q + 2. Let p be b(4). Suppose -3*y = 4*h - 5*y + 10, 3*h - 4*y = -10. Let a = p + h. Calculate the remainder when 10 is divided by a.
2
Suppose 2*q - 7 = 25. What is the remainder when 46 is divided by q?
14
Suppose 3*n - 5*n + 73 = s, 5*n = 3*s + 177. Suppose -36 = -2*j + 4*z, -j + 3*j = -2*z + 12. What is the remainder when n is divided by j?
6
Let o = 27 - -25. Suppose -c + 3*x + 83 = x, 0 = -4*c + x + 297. Suppose n + 2*n + 4*z - c = 0, -n + z = -29. Calculate the remainder when o is divided by n.
25
Let c(g) = -13*g - 1. Let q = 9 + -12. Let f be c(q). Suppose 2*j - 3*j + f = 0. Calculate the remainder when j is divided by 13.
12
Suppose 0 = -u + 2*u - 2. Let p(y) = 2*y + 1. Calculate the remainder when p(u) is divided by 3.
2
Suppose -2*c = -0*c - 74. Let j(n) = 2*n + 10. What is the remainder when c is divided by j(0)?
7
Let h(x) be the second derivative of x**3/3 + x**2/2 + x. Suppose 3*o = -6*o + 144. Calculate the remainder when o is divided by h(4).
7
Let q = -6 - -11. Let u be (8/(-10))/((-1)/q). Suppose 118 = 3*r + u*j, 7*r = 2*r + 2*j + 240. What is the remainder when r is divided by 16?
14
Let g(u) = 2*u**3 - 2*u**2 - 3*u + 4. Calculate the remainder when g(3) is divided by 8.
7
Suppose 5*a - 440 = -105. Let p = 24 + -7. Calculate the remainder when a is divided by p.
16
Suppose -5*u + 25 + 30 = -5*y, -2*y = -3*u + 19. Let o = 47 - y. What is the remainder when o is divided by 21?
19
Let c = -2 - -2. Suppose -p + 2*b - b + 14 = c, p + b = 14. What is the remainder when 40 is divided by p?
12
Let s(k) = -k**3 + 9*k**2 + 12*k - 4. Calculate the remainder when 45 is divided by s(10).
13
Suppose -23 = -7*q + 26. Calculate the remainder when q is divided by 2.
1
Let b(k) = -k + 7. Suppose -1 - 2 = -z, -5*z = -2*x - 7. Suppose 0 = x*r + 3*p - 9, -3*r = 4*p - 12. What is the remainder when b(r) is divided by 4?
3
Let d(l) = -9*l + 13. Calculate the remainder when d(-9) is divided by 32.
30
Suppose -15*d = -12*d - 72. Calculate the remainder when 71 is divided by d.
23
Suppose 3*k = 22 + 23. Calculate the remainder when 14 is divided by (-26)/(-5) + (-3)/k.
4
Let j = 35 + -13. Calculate the remainder when 64 is divided by j.
20
Let n(u) = 27*u. Let c(o) = o**2 - 13*o + 14. What is the remainder when n(2) is divided by c(13)?
12
Let h(y) = y**3 - 8*y**2 + 12*y - 22. Calculate the remainder when h(7) is divided by 4.
1
What is the remainder when 6 + 4/16*4 is divided by (-10)/(-3) + (-6)/(-9)?
3
Let m(z) = z**3 - 2*z - 4. Suppose -y + 0*y = -32. What is the remainder when y is divided by m(3)?
15
Suppose 0 = 6*m - m. Suppose m*n - 4*n = -192. Calculate the remainder when n is divided by 25.
23
Let u(b) = -b**2 - 7*b - 6. Let a be u(-7). Suppose 5*m - 90 = 2*m. What is the remainder when m is divided by (0 + 12)/(a/(-8))?
14
Suppose o + 0 - 32 = 0. Let t = 84 - o. Let q = -31 + 49. Calculate the remainder when t is divided by q.
16
Suppose -6 + 0 = -3*o. Let a(v) = o*v - 8*v - 3*v + 3. What is the remainder when a(-4) is divided by 10?
9
Suppose -4*t + 92 = -3*i, 0 = -4*t + t - i + 82. What is the remainder when t is divided by 7?
5
Suppose -3*f + 23 = -2*o - 11, 0 = -4*f - 3*o + 34. Calculate the remainder when 2 - (-1)/((-2)/(-52)) is divided by f.
8
Suppose 4*x = -3*n + 77, 5*x + 2*n - 90 = -3*n. Calculate the remainder when 52 is divided by x.
6
Let h = -3 - -6. Calculate the remainder when 9/(-3)*33/(-9) is divided by h.
2
Let c(o) = o + 6. Let f be c(-3). Suppose -2*x + 3*w + 14 = -6, 4*x = f*w + 40. What is the remainder when 18 is divided by x?
8
Suppose 3*l + 735 = 5*y + l, 0 = -3*y + 2*l + 441. Suppose 3*d = 3*f + y, -4*f + 2*f + 152 = 3*d. Calculate the remainder when d is divided by 13.
11
Suppose -5*g - i + 54 = -18, -52 = -4*g + 2*i. What is the remainder when 27 is divided by g?
13
Let a(w) = -3*w**3 + w**2 - w. What is the remainder when a(-3) is divided by 24?
21
Let i(l) = -l**3 - 3*l**2 - 3*l + 1. What is the